) = 4*i(j) - n(j). Give l(u).
-2
Let q(f) = -2*f - 8. Let m be q(-6). Let k(i) = 9*i + 6. Let c = 255 - 250. Let j(r) = -2*r. Let a(s) = c*j(s) + k(s). Calculate a(m).
2
Suppose 0 = v + 32 - 4. Suppose 4*a - 2*k = a + 5, 10 = 4*a - 2*k. Let t be 4/10 - v/a. Let d(x) = 3*x - 8. Give d(t).
10
Let l(n) = -n**3 + 6*n**2 - 5*n - 3. Let z(h) = -h - 8. Let a be z(-8). Suppose 4*f = -j - 5 - 1, -3*j + 3*f - 33 = a. Let m = -6 - j. Calculate l(m).
9
Let u be 0 + (5 + 42/(-9))*6. Let p(c) = -3*c**3 + c**2 - 4*c + 3. Determine p(u).
-25
Let d(r) = 751*r**3 - 17*r - 15 + 21*r**2 - 2*r**2 - 4 - 752*r**3. Give d(18).
-1
Suppose 4*b + 51 = 4*n - 61, n = 4*b + 112. Let y be 51/6 + (-16)/32. Let r be (b/y + 4)*0. Let a(h) = -h**3 - h**2 + h + 4. Determine a(r).
4
Let s(j) = -2 - 4 - 11*j + 11*j**2 + 3 + 9*j. What is s(-1)?
10
Let q(k) = -k + 3. Let j be q(2). Let v(h) = -3*h - 15*h**2 + 14*h**2 - j + 8*h. Give v(7).
-15
Let y(j) = 3*j + 7. Suppose -24 = -5*l - 2*u, 4*u + 12 = -0*u. Let i(r) = -r**2 + 5*r. Let m be i(l). Give y(m).
-11
Let o = 330 + -555. Let k = 223 + o. Let g(i) = -1 - 2*i + 3 - 2*i**2 + 0. Determine g(k).
-2
Suppose -3*q = 198 - 210. Let v(n) be the second derivative of -4*n - 1/3*n**q - 1/3*n**3 - 1/20*n**5 + 0*n**2 + 0. Determine v(-3).
-3
Let t(f) be the third derivative of f**4/24 + 13*f**2. Let b(d) = -3*d + 1. Let g(l) = b(l) + t(l). Determine g(2).
-3
Let g(o) = -4*o**2 - 4*o - 8 + 0*o + 3*o**2 - 2*o. Let x be 2 + -3 + (-5 - 0). Calculate g(x).
-8
Let f(d) = -d - 1. Let m(j) = -8. Let p(x) = -5*f(x) + m(x). Calculate p(4).
17
Let g(l) = l**2 - 9*l + 9. Suppose -20 = -12*f + 52. Determine g(f).
-9
Suppose 0 = -3*x + 3 + 15. Let q(y) = 3*y**2 + 2*y**2 - y**3 + 6*y**3 - 4 - 3*y - x*y**3. Determine q(3).
5
Let u(s) be the second derivative of s**4/6 + s**3/6 + 7*s. Let l be 2/12 + (-99)/(-54). Suppose l = -r + 3. Determine u(r).
3
Let a = -18 + 16. Let r(s) = s**3 + 3*s**2 - 2*s - 6. Calculate r(a).
2
Let m(v) = v**2 + 2*v - 5. Let n be m(-4). Let b(h) be the second derivative of -4*h + 1/6*h**n + 1/2*h**2 + 0. Determine b(5).
6
Let b(l) = -3*l**2 + 20*l + 6. Let g be b(7). Let k be (-11 - -10)/((-2)/8). Let u(s) = -k*s**2 + 0*s**2 + 4 - 2*s**2 - 5 - s. Give u(g).
-6
Let t(u) = -5 + u - 8*u + 0 - u**2. Let i(p) = -p**3 + 13*p**2 - 17*p + 55. Let z be i(12). Determine t(z).
5
Suppose 0 = -16*p + 212 + 28. Let l(w) = w**3 - 16*w**2 + 15*w - 3. Determine l(p).
-3
Let u(p) = 3*p**2 + p - 20. Let f(b) = -2*b**2 - b + 19. Let g(h) = -7*f(h) - 6*u(h). Let r(z) be the first derivative of g(z). Give r(-1).
9
Let w(a) be the second derivative of a**5/20 - a**4/2 + a**3/6 - a + 108. What is w(6)?
6
Let n(s) = s + 2. Let u(t) = -2*t**2 - 14*t - 24. Let o(p) = 12*n(p) + u(p). Suppose 2 - 10 = 4*y. What is o(y)?
-4
Suppose -108 = -15*z - 3*z. Let k(h) = -h**3 + 6*h**2 - h + 5. Determine k(z).
-1
Let u(s) = s**3 + 3*s**2 - 5*s - 4. Let l = -247 - -243. Give u(l).
0
Let p(m) = -m**3 - 4*m**2 - 5*m. Let v be p(-2). Suppose 1 - 11 = v*l. Let d(u) = -u + 0 + 1 + 0*u. Give d(l).
6
Let f(n) = -44*n**2 - 17*n - 41*n**2 - 43*n**2 - 7 + 126*n**2. What is f(-8)?
1
Let r(q) = q**2 - 3*q - 5. Let n = 41 + -30. Let a = n + -6. Calculate r(a).
5
Let i(x) = -38 - 5 + 16 + 11 - 18*x**2 - 2*x**3 + 19*x + 3*x**3. Calculate i(17).
18
Suppose -4*q + 36 = 2*q. Suppose 0 - q = -w. Let x(y) = y - 2. Give x(w).
4
Let p(v) = -v**2 + 6*v + 7. Let r(b) = 20*b**3 - 3*b - 6. Let q(f) = 7*f**3 - f - 2. Let d(h) = 17*q(h) - 6*r(h). Let t be d(-2). Calculate p(t).
-9
Let i(s) = s**2 + 2*s - 3. Let a be i(2). Suppose 0 = 24*h - 18*h. Let o be -9 + (a - 2) - h. Let n(q) = -q**3 - 5*q**2 + 7*q + 3. Calculate n(o).
-3
Suppose -2*z - 6 = 2*t - 3*t, 4*z = -4*t. Suppose -3*y - 2*p - 4 = 0, y + t*p = -4*y. Let n(b) = -9*b + 3*b + 3 + b**y + 2*b. Calculate n(5).
8
Let q be -2*(0 + (-22)/(-4)). Let n(l) = -l**2 - 12*l + 2. Calculate n(q).
13
Let q(g) = -g**3 - g**2 - 16. Suppose 0 = 2*o + h + 34, -5*h + 11 = -5*o - 44. Let a be (27/o - -2)*0. Give q(a).
-16
Suppose 3*l - 12 = -l. Suppose -5*u = -5*f + 15, 0 = -0*u + l*u + 2*f + 29. Let q(x) = x**2 - 11*x + 8*x**2 + 10 - 10*x**2 + 5*x. Calculate q(u).
3
Suppose -3*q - 2*q - 10 = 0. Suppose b - 2*i + 10 = 0, b + 6 = -0*b + i. Let u = b + q. Let r(a) = 3*a - 2. Determine r(u).
-14
Let r(o) = -o**2 + 13*o - 15. Let n(x) = -2*x**2 + 25*x - 29. Let s(u) = 2*n(u) - 5*r(u). Calculate s(13).
-9
Let l(q) = q**3 - 7*q**2 - 10*q + 10. Let n(v) = v**2 + v + 6. Let i be n(-4). Suppose -o = 5*w - i, 0 = -0*o + 5*o + 4*w - 48. Calculate l(o).
-6
Suppose -26 = 5*b - 7*z + 6*z, -4*b - 4*z - 16 = 0. Let s(m) = -m**2 - 4*m + 11. Calculate s(b).
6
Let h(r) = 2*r**2 - 3*r + 1. Suppose -2*o + 1 + 1 = 0, -4*n - o = -21. Suppose -2*j + n*s - 21 = 0, -4*j - 3*s - 7 + 30 = 0. What is h(j)?
3
Let m(i) = -i - 22. Let b(d) = d + 26. Let c(p) = -5*b(p) - 6*m(p). Determine c(-2).
0
Let h(d) = -d**2 - 3*d - 4. Let r be -5 - (6/14 - (-170)/(-119)). What is h(r)?
-8
Let z(l) = -2 - l**2 + 5 - 4 + 4*l. Suppose 0*q = 5*q + 45. Let i be (-7)/(-2) + q/6. Calculate z(i).
3
Let k(j) = 15*j - 6. Let o(f) = 14*f - 6. Let r(s) = 7*s - 3. Let v(w) = 2*o(w) - 5*r(w). Let l(d) = 6*k(d) + 13*v(d). Calculate l(-4).
7
Let k(r) = r**3 - 5*r**2 + 5*r. Suppose 3*y + v = 4*v - 144, -2*v = -y - 50. Let w = y + 72. Let l = w + -22. Calculate k(l).
4
Let a(p) = p**3 + 9*p**2 - 7*p + 26. Let g be (((-10)/3)/(-10) + 0)*-30. Calculate a(g).
-4
Let g(q) = q**3 + 10*q**2 + q + 13. Suppose k = -0*k + 3, -3*k + 29 = -2*o. What is g(o)?
3
Let c(k) = -5*k**2 - 35*k + 14. Let n(x) = -3*x**2 - 23*x + 9. Let h(r) = -5*c(r) + 8*n(r). What is h(4)?
-18
Let l(s) = s**3 - s**2 - 3*s - 1. Let t(x) = x + 2. Let a be t(-11). Let v = -11 - a. Calculate l(v).
-7
Let c(n) = -n**2 - n. Suppose -2*z - 8 = -4*m, m - 3*m + 8 = 0. Let f(w) = 2*w**2 + 3*w + 1. Let g(q) = z*c(q) + f(q). Determine g(2).
-9
Let o be (-1 + -2065)*(-3)/3. Let p(i) = -2066 + o - i. Calculate p(-2).
2
Let d(l) = -4*l**3 + 49*l**2 - 12*l - 3. Let b be d(12). Let y(z) = z**3 + 3*z**2 - 2*z - 10. What is y(b)?
-4
Let y(c) = 2*c + 20. Let h(k) = -k - 10. Let a(j) = -7*h(j) - 3*y(j). Let m be a(-7). Let v be (3/(-2))/(m/(-8)). Let u(g) = -2*g**2 + 6*g. Give u(v).
-8
Let u(y) be the second derivative of -y**4/12 + 5*y**3/6 + y**2/2 - 2791*y. Suppose 0 = x - 0*x - 6. Calculate u(x).
-5
Let f(q) = -4*q**2 - q - 1. Suppose 0 = -5*s + t + 16, 2*s + t - 8 = -s. Suppose -d = s - 0. Let o = d + 2. Give f(o).
-4
Let c(d) = 2*d + 6. Let t(i) = -i - 2. Let b(w) = 2*c(w) + 7*t(w). Let n = 34 + -11. Let a = n - 21. Calculate b(a).
-8
Let d be (-52)/(-5) + 16/(-40). Let q be d + -7 + -7 + 0. Let r(n) = 2 + 2 - 2*n + 4*n - 2. Give r(q).
-6
Let c(z) = -z**2 + 4*z + 3. Let b be 1/((-3)/(-10))*18. Suppose 0*j + 5*j = 5*h + b, -5*h = 3*j - 4. Let a = 11 - j. Determine c(a).
6
Let b(c) = -c**2 + 6*c + 3. Let t = 28 + -26. Suppose -t*w + 30 = 4*s, -2*w - s = -6 - 9. Calculate b(w).
8
Let p(b) = 2*b - 3. Suppose 3*v - 39 = -3*n, 0 = 4*n - 5*v - 9 + 2. Suppose -3*u - u = -n. What is p(u)?
1
Let m(k) be the second derivative of k**4/4 - k**3/6 - k**2/2 + 4689*k. Let u = 0 + 2. What is m(u)?
9
Suppose -5*a + 10 = -5*h, -4*h = -2*a + 4 + 4. Let o(d) = 16 + d - 15 + a. Calculate o(3).
4
Let v be (4 - 90/27)*18. Let n(k) = -k**3 + 12*k**2 - k + 13. Determine n(v).
1
Let h(d) = -5*d - 17. Let g(t) = -19*t - 52. Let w(i) = 2*g(i) - 7*h(i). Determine w(4).
3
Let h(p) = 4*p - 8. Let u be h(8). Let y = u + -25. Let m(t) = t**2 + 1. Let a(w) = -3*w**2 + 3*w - 2. Let d(c) = y*a(c) - 2*m(c). Calculate d(4).
4
Suppose 0 = -i - 3 + 5. Suppose -4*f - 2*n = i, n = 3*f + f - 13. Suppose 5*z - 12 = f*z. Let v(c) = -c - 2. What is v(z)?
-6
Let y(i) = i**3 - 4*i**2 + 1. Let z be (1 + -2)/((-3)/30) + 3. Let h = z + -9. Calculate y(h).
1
Let p(v) be the third derivative of v**5/60 - 3*v**4/8 + 5*v**3/6 + v**2. Let o(m) = 80*m - 554. Let c be o(7). Determine p(c).
-13
Suppose 0 = 2*s + 1 - 5. Let g be 8/(-28) - s/(-7). Let v(w) = 2 + 3 - 2*w**2 + 8 + 3*w**2. Give v(g).
13
Let b(f) = 176*f + 165. Let z(s) = -11*s - 10. Let h(d) = -2*b(d) - 33*z(d). Calculate h(-1).
-11
Let m(u) = -5*u**2 + 8*u. Let p(o) = -6*o**2 + 9*o - 1. Let f be (2 + 1)*10*(-2)/(-12). Let c(w) = f*m(w) - 4*p(w). Give c(4).
4
Le